?
3
What is the tens digit of 2542?
4
What is the thousands digit of 10912?
0
What is the tens digit of 26660?
6
What is the tens digit of 184?
8
What is the tens digit of 675?
7
What is the hundreds digit of 150372?
3
What is the tens digit of 17793?
9
What is the tens digit of 19454?
5
What is the units digit of 605?
5
What is the hundreds digit of 18734?
7
What is the units digit of 31688?
8
What is the units digit of 6993?
3
What is the ten thousands digit of 59755?
5
What is the units digit of 13674?
4
What is the thousands digit of 13882?
3
What is the ten thousands digit of 24135?
2
What is the hundreds digit of 1158?
1
What is the thousands digit of 1509?
1
What is the tens digit of 750?
5
What is the units digit of 5552?
2
What is the ten thousands digit of 12232?
1
What is the tens digit of 1896?
9
What is the tens digit of 819?
1
What is the tens digit of 478?
7
What is the tens digit of 8392?
9
What is the units digit of 1120?
0
What is the hundreds digit of 120?
1
What is the ten thousands digit of 15625?
1
What is the hundreds digit of 5313?
3
What is the units digit of 134?
4
What is the thousands digit of 15258?
5
What is the hundreds digit of 1178?
1
What is the thousands digit of 49984?
9
What is the hundreds digit of 12146?
1
What is the tens digit of 24131?
3
What is the thousands digit of 1865?
1
What is the tens digit of 3541?
4
What is the units digit of 15514?
4
What is the ten thousands digit of 15762?
1
What is the hundreds digit of 1224?
2
What is the tens digit of 3699?
9
What is the units digit of 6141?
1
What is the units digit of 57932?
2
What is the units digit of 8987?
7
What is the units digit of 33249?
9
What is the thousands digit of 39360?
9
What is the tens digit of 66322?
2
What is the thousands digit of 1189?
1
What is the hundreds digit of 7189?
1
What is the thousands digit of 2851?
2
What is the hundreds digit of 1122?
1
What is the units digit of 7145?
5
What is the thousands digit of 3241?
3
What is the units digit of 7514?
4
What is the thousands digit of 3763?
3
What is the hundreds digit of 26622?
6
What is the thousands digit of 2595?
2
What is the units digit of 29690?
0
What is the hundreds digit of 56931?
9
What is the thousands digit of 37049?
7
What is the tens digit of 27191?
9
What is the tens digit of 21526?
2
What is the thousands digit of 25284?
5
What is the units digit of 181?
1
What is the thousands digit of 28871?
8
What is the units digit of 1371?
1
What is the tens digit of 4838?
3
What is the units digit of 1288?
8
What is the hundreds digit of 4108?
1
What is the tens digit of 229?
2
What is the units digit of 188794?
4
What is the units digit of 7692?
2
What is the tens digit of 401?
0
What is the tens digit of 179?
7
What is the tens digit of 86433?
3
What is the hundreds digit of 2336?
3
What is the ten thousands digit of 48922?
4
What is the tens digit of 782?
8
What is the thousands digit of 50719?
0
What is the tens digit of 23547?
4
What is the hundreds digit of 5375?
3
What is the tens digit of 2769?
6
What is the hundreds digit of 7036?
0
What is the tens digit of 26949?
4
What is the thousands digit of 4827?
4
What is the units digit of 5977?
7
What is the tens digit of 7511?
1
What is the tens digit of 2244?
4
What is the units digit of 420?
0
What is the hundreds digit of 117630?
6
What is the thousands digit of 2147?
2
What is the tens digit of 1593?
9
What is the tens digit of 39315?
1
What is the units digit of 3186?
6
What is the hundreds digit of 3212?
2
What is the units digit of 1318?
8
What is the ten thousands digit of 65033?
6
What is the thousands digit of 35502?
5
What is the tens digit of 16400?
0
What is the hundreds digit of 19299?
2
What is the tens digit of 36620?
2
What is the thousands digit of 1768?
1
What is the units digit of 6052?
2
What is the ten thousands digit of 99304?
9
What is the thousands digit of 15488?
5
What is the units digit of 1892?
2
What is the hundreds digit of 491?
4
What is the units digit of 736?
6
What is the tens digit of 77497?
9
What is the ten thousands digit of 26904?
2
What is the units digit of 43807?
7
What is the tens digit of 2891?
9
What is the hundreds digit of 4069?
0
What is the hundreds digit of 45614?
6
What is the tens digit of 8646?
4
What is the hundreds digit of 754?
7
What is the thousands digit of 12661?
2
What is the thousands digit of 10910?
0
What is the hundreds digit of 9129?
1
What is the ten thousands digit of 14260?
1
What is the tens digit of 119716?
1
What is the thousands digit of 5810?
5
What is the units digit of 957?
7
What is the hundreds digit of 126?
1
What is the units digit of 7247?
7
What is the hundreds digit of 100482?
4
What is the tens digit of 259?
5
What is the thousands digit of 1710?
1
What is the units digit of 219?
9
What is the units digit of 101400?
0
What is the units digit of 38?
8
What is the hundreds digit of 2672?
6
What is the hundreds digit of 17524?
5
What is the units digit of 57966?
6
What is the thousands digit of 11824?
1
What is the units digit of 38115?
5
What is the units digit of 7730?
0
What is the tens digit of 34?
3
What is the units digit of 1110?
0
What is the tens digit of 43421?
2
What is the thousands digit of 23353?
3
What is the hundred thousands digit of 113507?
1
What is the hundreds digit of 1800?
8
What is the units digit of 1064?
4
What is the ten thousands digit of 16168?
1
What is the units digit of 7704?
4
What is the ten thousands digit of 21021?
2
What is the thousands digit of 48213?
8
What is the ten thousands digit of 10019?
1
What is the tens digit of 5115?
1
What is the tens digit of 9605?
0
What is the units digit of 941?
1
What is the units digit of 2423?
3
What is the thousands digit of 7919?
7
What is the units digit of 137?
7
What is the thousands digit of 19578?
9
What is the hundreds digit of 22968?
9
What is the tens digit of 4135?
3
What is the tens digit of 83681?
8
What is the hundreds digit of 888?
8
What is the thousands digit of 14206?
4
What is the thousands digit of 4253?
4
What is the thousands digit of 5314?
5
What is the thousands digit of 10091?
0
What is the units digit of 48294?
4
What is the tens digit of 37688?
8
What is the thousands digit of 15667?
5
What is the hundreds digit of 595?
5
What is the units digit of 660?
0
What is the hundreds digit of 456?
4
What is the units digit of 24095?
5
What is the thousands digit of 4586?
4
What is the tens digit of 689?
8
What is the hundreds digit of 5488?
4
What is the units digit of 72?
2
What is the hundreds digit of 2464?
4
What is the tens digit of 53682?
8
What is the hundreds digit of 3026?
0
What is the thousands digit of 10188?
0
What is the thousands digit of 30717?
0
What is the hundreds digit of 901?
9
What is the thousands digit of 6496?
6
What is the hundreds digit of 1737?
7
What is the units digit of 591?
1
What is the hundreds digit of 433?
4
What is the units digit of 7053?
3
What is the tens digit of 9993?
9
What is the tens digit of 556?
5
What is the hundreds digit of 2075?
0
What is the thousands digit of 2126?
2
What is the ten thousands digit of 16592?
1
What is the ten thousands digit of 73129?
7
What is the tens digit of 30767?
6
What is the thousands digit of 8140?
8
What is the hundreds digit of 5110?
1
What is the thousands digit of 11591?
1
What is the units digit of 470?
0
What is the thousands digit of 3219?
3
What is the tens digit of 701?
0
What is the hundreds digit of 594?
5
What is the hundreds digit of 164?
1
What is the thousands digit of 31452?
1
What is the thousands digit of 1712?
1
What is the tens digit of 365?
6
What is the thousands digit of 2537?
2
What is the units digit of 2449?
9
What is the hundreds digit of 1006?
0
What is the hundreds digit of 32637?
6
What is the hundreds digit of 433?
4
What is the hundreds digit of 7178?
1
What is the tens digit of 1223?
2
What is the tens digit of 719?
1
What is the units digit of 10735?
5
What is the ten thousands digit of 20390?
2
What is the tens digit of 17027?
2
What is the ten thousands digit of 15373?
1
What is the hundreds digit of 25918?
9
What is the units digit of 27456?
6
What is the thousands digit of 1335?
1
What is the thousands digit of 2281?
2
What is